{"id":432,"date":"2024-04-22T09:00:04","date_gmt":"2024-04-22T07:00:04","guid":{"rendered":"https:\/\/redinterlavapies.com\/?page_id=432"},"modified":"2024-04-22T09:00:04","modified_gmt":"2024-04-22T07:00:04","slug":"quienes-somos-y-que-hacemos","status":"publish","type":"page","link":"https:\/\/redinterlavapies.com\/?page_id=432","title":{"rendered":"\u00bfQui\u00e9nes somos y qu\u00e9 hacemos?"},"content":{"rendered":"\n<p>Somos<strong> una red de personas contra las fronteras y la precariedad, <\/strong>ubicada en el barrio de Lavapi\u00e9s. Nos hemos conocido<strong> cruz\u00e1ndolas, <\/strong>creando <strong>v\u00ednculos poderosos <\/strong>entre nosotrx y con otras <strong>personas y colectivos<\/strong> que luchan por la <strong>libre circulaci\u00f3n de personas<\/strong>, el <strong>derecho a migrar<\/strong> y una sociedad diferente, donde <strong>ning\u00fan ser humano sea ilegal<\/strong> y <strong>donde los sue\u00f1os de dignidad de cada persona y por otro mundo posible puedan realizarse<\/strong>. Nuestra red<strong> nace inspirada <\/strong>en el<strong> <em>Ferrocarril clandestino<\/em>, <\/strong>del que formamos parte hasta su desaparici\u00f3n.<\/p>\n\n\n\n<p>&nbsp;Somos<strong> una red de vida. <\/strong>Somos vecinx, amigx, <strong>compa\u00f1erx de sue\u00f1os y luchas. <\/strong>Una red<strong> diversa <\/strong>formada por<strong> gente migrante <\/strong>y<strong> aut\u00f3ctona, <em>con papeles<\/em> y sin ellos, <\/strong>quesentimos la<strong> urgencia actuar<\/strong> frente a las formas&nbsp; de injusticia cada vez m\u00e1s brutales y racistas que criminalizan la pobreza y las migraciones y niegan los derechos m\u00e1s b\u00e1sicos: vivienda, salud, trabajo educaci\u00f3n, integridad f\u00edsica, etc. <strong>Somos expertas y expertos acr\u00f3batas, en la supervivencia y la resistencia<\/strong> cotidiana, por eso nos gusta presentarnos con una&nbsp; imagen&nbsp; del&nbsp; mundo del circo: la red&nbsp; que sostiene a los trapecistas en sus dif\u00edciles equilibrios<\/p>\n\n\n\n<p><strong><em>LA RED INTERLAVAPI\u00c9S<\/em><\/strong><strong> SE PARECE LA RED DE UN CIRCO<\/strong>, porque como ella cuando los acr\u00f3batas caen la red est\u00e1 ah\u00ed, para<strong> parar el golpe, frenar y denunciar la violencia <\/strong>del sistema<strong>: detenciones, abusos y violencia policial, deportaciones <\/strong>de compa\u00f1eros\/as<strong>, desahucios, <\/strong>actuaciones <strong>racistas o xen\u00f3fobas.<\/strong><\/p>\n\n\n\n<p>-Como la red del circo <em>la red Interlavapi\u00e9s<\/em> impulsa, motiva, refuerza<strong>, <\/strong>empodera,<strong> para <em>dar el salto de nuevo,<\/em> activando recursos <\/strong>personales, recomponiendo energ\u00edas, sue\u00f1os, proyectos y esperanzas siempre amenazados. Y por \u00faltimo la red est\u00e1 ah\u00ed, de forma discreta, pero real<strong>, consistente, <\/strong>con la conciencia clara que nuestro objetivo no es la<strong> visibilidad <\/strong>sino que<strong> nuestra visibilidad o invisibilidad est\u00e1n al servicio de los intereses de las personas que formamos la red.<\/strong> A veces visibles, a veces invisibles\u2026 lo importante es que la red existe y sabemos d\u00f3nde y c\u00f3mo encontrarnos.<\/p>\n\n\n\n<p><strong><u>Espacios de generaci\u00f3n de v\u00ednculos y luchas comunes que&nbsp; vamos generando:&nbsp;<\/u><\/strong><\/p>\n\n\n\n<p><strong>-Asesor\u00eda legal comunitaria<\/strong><\/p>\n\n\n\n<p><strong>-Escuela de derechos<\/strong><\/p>\n\n\n\n<p><strong>-Grupo de int\u00e9rpretes<\/strong><\/p>\n\n\n\n<p><strong>-Grupo \u201clas mujeres de la Red\u201d organizaci\u00f3n y empoderamiento feminista y antiracista con otros colectivos feministas del barrio&nbsp;<\/strong><\/p>\n\n\n\n<p><strong>&nbsp;&#8211;<\/strong>Grupos<strong> de apoyo <\/strong>y<strong> autoorganizaci\u00f3n de <\/strong>personas <strong>sin papeles, manteros y lateros<\/strong><\/p>\n\n\n\n<p><strong>&#8211;<\/strong>Grupo de<strong> acompa\u00f1amiento y seguimiento: <\/strong>tr\u00e1mites legales, sanitarios&nbsp;<\/p>\n\n\n\n<p><strong>-Orientaci\u00f3n Laboral<\/strong><\/p>\n\n\n\n<p><strong>&nbsp;-Iniciativa de autoempleo: <\/strong>Catering <strong>T\u00f3mate algo<\/strong><\/p>\n\n\n\n<p><strong>-Territorio dom\u00e9stico: <\/strong>Empleadas de hogar en lucha por sus derechos y una econom\u00eda que tenga en el centro el cuidado<\/p>\n\n\n\n<p><strong>-Senda de cuidados y Observatorio Jeannette Beltr\u00e1n, <\/strong>Derechos trabajadoras de hogar, Incidencia pol\u00edtica y acompa\u00f1amiento denuncias.<\/p>\n\n\n\n<p><strong>-Comisi\u00f3n por el derecho a la vivienda y el empadronamiento, en colaboraci\u00f3n con el Sindicato de Inquilinos &nbsp;<\/strong><\/p>\n\n\n\n<p><strong>-Plataforma CIES NO<\/strong><\/p>\n\n\n\n<p><strong>-Caravana Abrir fronteras&nbsp;<\/strong><\/p>\n\n\n\n<p><strong>Museo Situado<\/strong><em>: <\/em>Red colaborativa de colectivos del barrio, con el Museo Reina Sofia, aunando arte y luchas sociales<\/p>\n\n\n\n<p>&#8211; Nuestra forma de organizarnos es<strong> asamblearia y por equipos de trabajo. Convivencia trimestral, <\/strong>abierta a simpatizantes y personas <em>que quieran conocernos.<\/em><\/p>\n\n\n\n<figure class=\"wp-block-image size-large\"><img loading=\"lazy\" decoding=\"async\" width=\"1024\" height=\"623\" src=\"https:\/\/redinterlavapies.com\/wp-content\/uploads\/2024\/04\/logo-1024x623.jpg\" alt=\"\" class=\"wp-image-433\" srcset=\"https:\/\/redinterlavapies.com\/wp-content\/uploads\/2024\/04\/logo-1024x623.jpg 1024w, https:\/\/redinterlavapies.com\/wp-content\/uploads\/2024\/04\/logo-300x183.jpg 300w, https:\/\/redinterlavapies.com\/wp-content\/uploads\/2024\/04\/logo-768x468.jpg 768w, https:\/\/redinterlavapies.com\/wp-content\/uploads\/2024\/04\/logo-1536x935.jpg 1536w, https:\/\/redinterlavapies.com\/wp-content\/uploads\/2024\/04\/logo.jpg 1600w\" sizes=\"auto, (max-width: 1024px) 100vw, 1024px\" \/><\/figure>\n","protected":false},"excerpt":{"rendered":"<p>Somos una red de personas contra las fronteras y la precariedad, ubicada en el barrio de Lavapi\u00e9s. Nos hemos conocido cruz\u00e1ndolas, creando v\u00ednculos poderosos entre nosotrx y con otras personas y colectivos que luchan por la libre circulaci\u00f3n de personas, el derecho a migrar y una sociedad diferente, donde ning\u00fan ser humano sea ilegal y [&hellip;]<\/p>\n","protected":false},"author":1,"featured_media":0,"parent":0,"menu_order":0,"comment_status":"closed","ping_status":"closed","template":"","meta":{"_monsterinsights_skip_tracking":false,"_monsterinsights_sitenote_active":false,"_monsterinsights_sitenote_note":"","_monsterinsights_sitenote_category":0,"footnotes":""},"class_list":["post-432","page","type-page","status-publish","hentry"],"aioseo_notices":[],"_links":{"self":[{"href":"https:\/\/redinterlavapies.com\/index.php?rest_route=\/wp\/v2\/pages\/432","targetHints":{"allow":["GET"]}}],"collection":[{"href":"https:\/\/redinterlavapies.com\/index.php?rest_route=\/wp\/v2\/pages"}],"about":[{"href":"https:\/\/redinterlavapies.com\/index.php?rest_route=\/wp\/v2\/types\/page"}],"author":[{"embeddable":true,"href":"https:\/\/redinterlavapies.com\/index.php?rest_route=\/wp\/v2\/users\/1"}],"replies":[{"embeddable":true,"href":"https:\/\/redinterlavapies.com\/index.php?rest_route=%2Fwp%2Fv2%2Fcomments&post=432"}],"version-history":[{"count":1,"href":"https:\/\/redinterlavapies.com\/index.php?rest_route=\/wp\/v2\/pages\/432\/revisions"}],"predecessor-version":[{"id":434,"href":"https:\/\/redinterlavapies.com\/index.php?rest_route=\/wp\/v2\/pages\/432\/revisions\/434"}],"wp:attachment":[{"href":"https:\/\/redinterlavapies.com\/index.php?rest_route=%2Fwp%2Fv2%2Fmedia&parent=432"}],"curies":[{"name":"wp","href":"https:\/\/api.w.org\/{rel}","templated":true}]}}