{"id":75,"date":"2024-03-08T10:53:12","date_gmt":"2024-03-08T09:53:12","guid":{"rendered":"https:\/\/redinterlavapies.com\/?page_id=75"},"modified":"2024-03-09T09:57:13","modified_gmt":"2024-03-09T08:57:13","slug":"atencion-peligro-exclusion-sanitaria-en-la-comunidad-de-madrid","status":"publish","type":"page","link":"https:\/\/redinterlavapies.com\/?page_id=75","title":{"rendered":"\u00a1\u00a1\u00a1ATENCI\u00d3N, PELIGRO!!! \u00a1\u00a1\u00a1EXCLUSI\u00d3N SANITARIA EN LA COMUNIDAD DE MADRID!!!"},"content":{"rendered":"\n<p class=\"has-black-color has-text-color has-link-color wp-elements-32eadd2358cbb79f4baf490b10b1ced3\">En la Red Interlavapi\u00e9s estamos muy preocupados por las medidas que est\u00e1 tomando la Comunidad de Madrid para DEJAR SIN ATENCI\u00d3N SANITARIA A LAS PERSONAS &#8220;SINPAPELES&#8221;.&nbsp;<\/p>\n\n\n\n<p class=\"has-black-color has-text-color has-link-color wp-elements-b9e7e37b02ee054768567caaf3c65f90\">Estas medidas PUEDEN AFECTAR INCLUSO A PERSONAS &#8220;SINPAPELES&#8221; QUE YA TENGAN M\u00c9DICO.&nbsp;<\/p>\n\n\n\n<p class=\"has-black-color has-text-color has-link-color wp-elements-e2aaee95867d88251698a3c4deee0449\">Os dejamos aqu\u00ed un flyer y unos audios en \u00e1rabe, bangla, espa\u00f1ol y wolof que explica todo esto. Leedlo y escuchadlos muy atentamente y difundir esta informaci\u00f3n entre todas las personas &#8220;sinpapeles&#8221; que conozc\u00e1is. En cualquier momento, pero especialmente en este contexto de pandemia, es imprescindible garantizar el acceso a la atenci\u00f3n sanitaria.<\/p>\n\n\n\n<figure class=\"wp-block-image\"><a href=\"https:\/\/blogger.googleusercontent.com\/img\/a\/AVvXsEi8_Ooolq46ndUjyvo-lY8un0YeI30xQxocHN4YMIUjTdo_scsyFw3z6zviY8EgioNoJf8591Sg-N3GAVbrmAkr4HHEosp2AkKOwC86k3pHsYureJGGyt2EA7OJQ6c2bg10cuxh3DcjxCfK69dvXpANTeuWn0XC11qxyhJVdp8DvtTqJkii7yAKMX7i=s715\"><img decoding=\"async\" src=\"https:\/\/blogger.googleusercontent.com\/img\/a\/AVvXsEi8_Ooolq46ndUjyvo-lY8un0YeI30xQxocHN4YMIUjTdo_scsyFw3z6zviY8EgioNoJf8591Sg-N3GAVbrmAkr4HHEosp2AkKOwC86k3pHsYureJGGyt2EA7OJQ6c2bg10cuxh3DcjxCfK69dvXpANTeuWn0XC11qxyhJVdp8DvtTqJkii7yAKMX7i=w546-h762\" alt=\"\"\/><\/a><\/figure>\n\n\n\n<figure class=\"wp-block-image\"><a href=\"https:\/\/blogger.googleusercontent.com\/img\/a\/AVvXsEhSp4ydFyAqzYKSNzinz9XTmUXbufkj_FqViz3bYR8DrvPjh5EtDLhQ3RwOPeV0ZQrHVWbpiIzXJP-by68UcenZNH0OiYQyPB6qtD5v4brdO9aCZbXraQeSKSZae5gGd_Xcc8RErVrc0PGHjhHPN2IeJJZY7DOnbEyyWQn9HwYZ1Wxe9cFET31AluUj=s719\"><img decoding=\"async\" src=\"https:\/\/blogger.googleusercontent.com\/img\/a\/AVvXsEhSp4ydFyAqzYKSNzinz9XTmUXbufkj_FqViz3bYR8DrvPjh5EtDLhQ3RwOPeV0ZQrHVWbpiIzXJP-by68UcenZNH0OiYQyPB6qtD5v4brdO9aCZbXraQeSKSZae5gGd_Xcc8RErVrc0PGHjhHPN2IeJJZY7DOnbEyyWQn9HwYZ1Wxe9cFET31AluUj=w551-h783\" alt=\"\"\/><\/a><\/figure>\n\n\n\n<p class=\"has-black-color has-text-color has-link-color wp-elements-212ce75dcf89e7ab60354643999e1749\">Flyer en formato PDF (Espa\u00f1ol). Descargar&nbsp;<a href=\"https:\/\/drive.google.com\/file\/d\/1s5sdH5wlKUHNOoDz_iLxFMZh_bcmewu5\/view?usp=sharing\">aqu\u00ed<\/a>.<\/p>\n\n\n\n<p class=\"has-black-color has-text-color has-link-color wp-elements-cf195ec5f93ab825e1d2cac2090bdef2\">Audio en \u00e1rabe. Descargar&nbsp;<a href=\"https:\/\/drive.google.com\/file\/d\/1aUq_hSbUWk7hx0zR9ud2B2gwpHWxpdHE\/view?usp=sharing\">aqu\u00ed<\/a>.<\/p>\n\n\n\n<p class=\"has-black-color has-text-color has-link-color wp-elements-84960285e5aa5668920e92dcf4a89b71\">Audio en bangla. Descargar&nbsp;<a href=\"https:\/\/drive.google.com\/file\/d\/1L_Aow5riQUUWNnFGkycoCyVEe2mO_WXx\/view?usp=sharing\">aqu\u00ed<\/a>.<\/p>\n\n\n\n<p class=\"has-black-color has-text-color has-link-color wp-elements-21b02f68408a0fd2ffe2d4ba7c8852cd\">Audio en espa\u00f1ol. Descargar&nbsp;<a href=\"https:\/\/drive.google.com\/file\/d\/1xJ3vFhvGvJ9OA6Li1rJDEaHDGy2md-p_\/view?usp=sharing\">aqu\u00ed<\/a>.<\/p>\n\n\n\n<p class=\"has-black-color has-text-color has-link-color wp-elements-f3997c202455b6519f6d1b314d14df93\">Audio en wolof. Descargar&nbsp;<a href=\"https:\/\/drive.google.com\/file\/d\/1E2cXKNITF2ughMcnpfxKCSJZBcj1vYXK\/view?usp=sharing\">aqu\u00ed<\/a>.<\/p>\n\n\n\n<p class=\"has-black-color has-text-color has-link-color wp-elements-b27e57029f8663cc595a9fafd22dff51\">Tambi\u00e9n os adjuntamos&nbsp;<a href=\"https:\/\/drive.google.com\/file\/d\/16RK3zSpK9ERDn5PB-58f8dqDI6dO-Twf\/view?usp=sharing\">aqu\u00ed<\/a>&nbsp;un modelo de c\u00f3mo rellenar un documento para pedir el DASE.<\/p>\n","protected":false},"excerpt":{"rendered":"<p>En la Red Interlavapi\u00e9s estamos muy preocupados por las medidas que est\u00e1 tomando la Comunidad de Madrid para DEJAR SIN ATENCI\u00d3N SANITARIA A LAS PERSONAS &#8220;SINPAPELES&#8221;.&nbsp; Estas medidas PUEDEN AFECTAR INCLUSO A PERSONAS &#8220;SINPAPELES&#8221; QUE YA TENGAN M\u00c9DICO.&nbsp; Os dejamos aqu\u00ed un flyer y unos audios en \u00e1rabe, bangla, espa\u00f1ol y wolof que explica todo [&hellip;]<\/p>\n","protected":false},"author":2,"featured_media":0,"parent":0,"menu_order":0,"comment_status":"closed","ping_status":"closed","template":"","meta":{"_monsterinsights_skip_tracking":false,"_monsterinsights_sitenote_active":false,"_monsterinsights_sitenote_note":"","_monsterinsights_sitenote_category":0,"footnotes":""},"class_list":["post-75","page","type-page","status-publish","hentry"],"aioseo_notices":[],"_links":{"self":[{"href":"https:\/\/redinterlavapies.com\/index.php?rest_route=\/wp\/v2\/pages\/75","targetHints":{"allow":["GET"]}}],"collection":[{"href":"https:\/\/redinterlavapies.com\/index.php?rest_route=\/wp\/v2\/pages"}],"about":[{"href":"https:\/\/redinterlavapies.com\/index.php?rest_route=\/wp\/v2\/types\/page"}],"author":[{"embeddable":true,"href":"https:\/\/redinterlavapies.com\/index.php?rest_route=\/wp\/v2\/users\/2"}],"replies":[{"embeddable":true,"href":"https:\/\/redinterlavapies.com\/index.php?rest_route=%2Fwp%2Fv2%2Fcomments&post=75"}],"version-history":[{"count":2,"href":"https:\/\/redinterlavapies.com\/index.php?rest_route=\/wp\/v2\/pages\/75\/revisions"}],"predecessor-version":[{"id":86,"href":"https:\/\/redinterlavapies.com\/index.php?rest_route=\/wp\/v2\/pages\/75\/revisions\/86"}],"wp:attachment":[{"href":"https:\/\/redinterlavapies.com\/index.php?rest_route=%2Fwp%2Fv2%2Fmedia&parent=75"}],"curies":[{"name":"wp","href":"https:\/\/api.w.org\/{rel}","templated":true}]}}